8
Let n(t) be the first derivative of -3*t**2/2 - 5*t - 4. Give n(4).
-17
Let t(o) be the third derivative of o**4/8 + o**3/3 - 2*o**2. Give t(-2).
-4
Let z(c) = 3*c**2 - c. Let f be z(1). Let w(m) = 4 + 8*m - 8 + 3 + m**f. Calculate w(-7).
-8
Let q(v) = -v + 5. Let u(n) be the third derivative of n**2 - 1/120*n**6 + 0*n + 7/24*n**4 + 0 - 5/6*n**3 + 1/15*n**5. Let k be u(5). What is q(k)?
0
Let b = 6 - 5. Suppose 0 = -4*c + 17 + 7. Let u(r) = -6*r - 7*r**2 + c*r. Give u(b).
-7
Let n(s) be the third derivative of -s**6/120 - 3*s**5/20 + s**3/2 + 2*s**2 - 5*s. What is n(-9)?
3
Suppose 4 = -2*p + 10. Let g(b) = -15*b - 3*b**2 - 2 + 2*b**2 - 19*b + 41*b. Give g(p).
10
Let v(t) = t**3 - 12*t**2 - 14*t + 9. Let f be v(13). Let m(z) = 3*z - 12. Let p(q) = q - 6. Let a(x) = -2*m(x) + 5*p(x). What is a(f)?
-2
Let f(u) = -2*u**2 + 2*u - 7. Let w(r) = r**2 - r + 2. Let s(m) = -2*f(m) - 7*w(m). Determine s(3).
-18
Let n(k) = -4*k + 2*k + 10*k**2 - 11*k**2 + 2*k**3 - 1. Calculate n(2).
7
Let n(y) = -y**3 + 6*y**2 + 4. Let t(c) = -c**2 - 14*c - 18. Let j be (4/(-2))/(1/6). Let f be t(j). Calculate n(f).
4
Suppose -5*f = 4*b + 14, -5*f - 3*b = 2*b + 15. Let q(p) = 2*p**3 + p**2 - 2*p - 2. Calculate q(f).
-10
Let x(w) be the third derivative of w**5/20 + 5*w**4/24 - 2*w**2 + 34. Determine x(-2).
2
Suppose 2*g - 6 = -2*y, 4*y - 9 = 3*y - 3*g. Suppose q - 4 = y, -4*q = 4*o - 6 - 10. Let f(k) = -k**2 + k + 8. Give f(o).
8
Let u(d) = d + 9. Let k be u(-7). Let o(n) = -n**2 + n - 1. Calculate o(k).
-3
Suppose o = 11*o + 40. Let c(r) = r + 4. Calculate c(o).
0
Let k(p) = -p**2 + 3*p + 5. Suppose -7*i + 2*i + 20 = 0. What is k(i)?
1
Let g(r) = -r**2 - 8*r. Let z be -1*7*(0 + 1/1). Give g(z).
7
Let o(g) = -3*g**2 - 2 - 7*g**2 + 9*g**2 + 2*g - g**3. Give o(-3).
10
Suppose -4 = -2*o - 0. Let r(y) be the second derivative of 0*y**2 + o*y - 1/2*y**3 + 0 - 1/12*y**4. Give r(-4).
-4
Let r(w) = -w**3 + 5*w**2 - 3*w + 2. Let l be r(4). Let s = 12 - l. Let u be s/21 - 33/(-7). Let o(x) = x**3 - 4*x**2 - 6*x + 1. Determine o(u).
-4
Let i(n) = -4*n + 3. Let c be i(2). Let w(g) = -g + 7. Let x(j) = -2*j + 8. Let d(p) = 3*w(p) - 2*x(p). Give d(c).
0
Let o(h) = -2*h + 7. Let n be o(6). Let i(r) = 3*r**2 + r + 11. Let j = 16 - 9. Let q(p) = -5*p**2 - p - 21. Let b(s) = j*i(s) + 4*q(s). Determine b(n).
3
Suppose -4*r + 0*j = j - 69, 3*r + 3*j - 45 = 0. Let n = -17 + r. Let c(h) = 9*h. What is c(n)?
9
Let t(v) = -v**2 - 2*v - 3. Let j(f) = f**3 - 3*f**2 + f + 1. Let i(z) = -z. Let d(n) = 2*i(n) + j(n). Let u be d(3). Calculate t(u).
-3
Suppose 0*p + 4*p = 0. Let d be p*(0 - -2 - 1). Let x(b) = b**2 + b + 7. Give x(d).
7
Let s(l) = -l - 10. Let z be s(-11). Suppose -3*a + 3 - 17 = -4*b, 0 = -2*b + 5*a + 14. Let v(y) = -2*y**2 - 1 + 0*y + 0*y + b*y. Determine v(z).
-1
Let l(c) = -c + 5*c - 3*c - 3. Let g be ((-6)/9)/((-8)/60). Let a be g*-2*6/(-10). Determine l(a).
3
Suppose 0*d = d - 2. Let p(h) = h. Let s(z) = -3*z - 2. Let w(y) = d*p(y) + s(y). What is w(5)?
-7
Let j be 3 - (-6)/8*-4. Suppose -2*f - 3 + 4 = 3*b, 5*b - 4*f = 31. Let r(x) = 0 + j - x**b + 4*x**2 - x - 1. Give r(3).
5
Let o(l) = -l + 7. Let c be o(3). Let u(z) = z**2 - 4*z - 4. What is u(c)?
-4
Let s(i) = -i + 1. Let u be (-1)/(0 + 2/6). Let o(c) = 4*c + 3. Let b(q) = u*s(q) - o(q). Let v = 3 - 7. What is b(v)?
-2
Let w be (3 + 45/(-20))/(21/56). Let n(j) = -3*j - 2*j + 10*j. Calculate n(w).
10
Let x(s) = 0 + 0*s - 2 - 4*s - 2. Let a(j) = -2*j + 10. Let g be a(7). Give x(g).
12
Suppose 4*v - 4 = -0. Let w(i) be the first derivative of 3*i**4/4 + i**3/3 - i**2/2 + 7. What is w(v)?
3
Let q be 2 + (4/(-1) - 0). Let g be (5/q)/((-3)/(-6)). Let a(k) = -2*k**2 + 1 + k**2 + 2*k**2 + 0 + 4*k. Determine a(g).
6
Let w(d) be the third derivative of d**6/120 - d**5/12 - 5*d**4/24 - d**3/3 + 36*d**2. Give w(6).
4
Let d(z) = 4*z**3. Suppose -2*s + 10 = 8. Calculate d(s).
4
Suppose 4*x - 2*x - 3*c = 0, -x = 3*c + 9. Let n = x + 8. Let d(k) = 4*k**2 - 3*k**2 + n - 2*k**2. What is d(0)?
5
Let q(i) = 4*i + 1. Let g(w) = 8*w + 2. Let s(j) = 6*g(j) - 11*q(j). Determine s(2).
9
Suppose 15*j - 2 = 13*j. Let a(r) = -r**3 - r**2. Determine a(j).
-2
Let s(m) = -m**3 - 3*m**2 + 5*m - 2 + 8*m**2 + 0*m**2 + 8. What is s(6)?
0
Let a be (-7)/2 - 3/(-6). Let i be 0 + (a - -8) + -3. Let p(h) = h - 2. Determine p(i).
0
Suppose 59*v - 3 = 62*v. Let u(k) = -2*k**2 - 24*k**3 + k**2 + 8*k**3. Give u(v).
15
Let c = -15 + 21. Let s(l) = l + 8. Let j(h) = h + 1. Let w(v) = -2*j(v) + s(v). Let i(n) = 2*n - 13. Let f(d) = c*i(d) + 13*w(d). Calculate f(3).
-3
Let t(m) = -m**3 - 3*m + 2. Let n be t(1). Let v(o) = -3*o + 2*o - 1 - 3. What is v(n)?
-2
Let b(g) = -g**3 - 5*g**2 + 5*g + 4. Let u be (12 - 16) + 0 + -2 + 0. Determine b(u).
10
Let r(g) = -g**2 - 4*g + 5. Let x be r(-5). Suppose -10 = -x*o - 2*o. Let u(l) = -l**3 + 5*l**2 + 3*l - 4. What is u(o)?
11
Let o(z) = z**3 + 4*z**2 + z + 2. Suppose -g = 5 - 1. Let t be ((-8)/6)/(g/(-12)). Calculate o(t).
-2
Let y(u) = u**2 - u - 2. Let x be y(-2). Suppose x*l - 19 = -7. Let a(f) = -2*f**3 + 2 - 3*f - 2*f**2 - 5 + f**l. Give a(-2).
3
Let y(w) = -w**3 + 5*w**2 - 2*w + 5. Suppose 2*r - 13 = -b, 5*r - 41 = -2*b - b. Suppose 4*n = -2*q + 8, 4*q + b - 1 = 0. Suppose t - 1 - n = 0. Give y(t).
-5
Let j(f) = -5*f + 2 - 1 + 4*f + 1. Let x be (-2)/10 - (-3)/15. Give j(x).
2
Let w(l) = -l + 1. Let q(p) = -p. Let x(h) = -6*q(h) + 2*w(h). Suppose 5*g = 2*g - 9. What is x(g)?
-10
Let z be (4 + 33/(-3))*-1*1. Let u(v) = v**3 - 8*v**2 + 9*v - 8. Give u(z).
6
Let x be (2/3)/(-2) - (-8)/6. Let k(y) = -y**2 + 2*y - 1. Calculate k(x).
0
Let d(h) = -3*h. Let p(u) = 2*u. Let j(q) = 3*d(q) + 5*p(q). Calculate j(-3).
-3
Suppose -6*s + 21 = -9*s. Let a = s - -1. Let j(x) = x**3 + 5*x**2 - 7*x - 5. Calculate j(a).
1
Let d(a) be the first derivative of -1/4*a**4 - 2*a**2 - 2*a**3 - 3 + 6*a. Calculate d(-5).
1
Let c(t) = -t**3 + 5*t**2 - 4*t + 1. Let r be c(4). Suppose 0 = -v + r + 1. Let l(g) = -3*g - g + v*g + 3 + g. What is l(6)?
-3
Let w(a) = -7*a + 1. Let c(n) be the first derivative of -n**6/120 - n**2/2 - 1. Let u(b) be the second derivative of c(b). Let l be u(-1). What is w(l)?
-6
Let l(x) = x**2 - 5*x - 3. Suppose -j = z - 9, -3*j + 30 = 3*z + j. What is l(z)?
3
Suppose q = 5*r + 4*q - 2, 3*r = -3*q + 6. Let k(p) = 6*p + 19. Let t(n) = -n - 3. Let y(o) = -6*k(o) - 39*t(o). What is y(r)?
-3
Let d(u) = -u**2 - 4*u + 2. Let a = -131 + 126. Give d(a).
-3
Let y(i) = -3*i - 4. Let o(l) = -2*l + 1. Let w be o(3). Let q = -36 + 34. Let v(n) = 7*n + 8. Let d(u) = q*v(u) + w*y(u). What is d(0)?
4
Suppose -5*c + 15 = -5*l, -l + 4 + 5 = 2*c. Let q = l + 2. Let j(d) = q*d - 1 - 1 + 1. Determine j(2).
5
Suppose -5*h + 25 = -0. Let f(l) = l + 1. Determine f(h).
6
Let t(v) = -4*v**3 + 3*v**2 + 2*v + 5. Let q(p) = -p**3 + p**2 + 1. Let l(a) = -3*q(a) + t(a). What is l(-2)?
6
Let g(r) = -r - 5. Let o(u) = -u + 4. Let l be o(4). Let w be g(l). Let d(k) = 3*k - 4 + 2*k - 6*k. Determine d(w).
1
Suppose -9 - 141 = -5*c. Suppose 0 = 5*r + r - c. Let l(a) = a**3 - 6*a**2 + 5*a - 5. What is l(r)?
-5
Let c(j) be the third derivative of j**6/120 + j**5/10 - j**4/4 + j**3/3 - 7*j**2. Calculate c(-7).
-5
Let q(c) = c**3 + 9*c**2 + 8*c + 2. Let h = -60 - -52. Calculate q(h).
2
Let d(t) = 2*t - 13. Let y(l) = l - 6. Let z(i) = 2*d(i) - 5*y(i). Calculate z(0).
4
Let c(w) = 1 - w - 3 - 2. Determine c(3).
-7
Let m(l) be the first derivative of -l**4/4 - 4*l**3/3 + 5*l**2/2 - l + 8. Let b be 5/((1 + 0)/(-1)). What is m(b)?
-1
Let v(l) = 1 - 170*l**2 + 0 + 169*l**2 + l. Calculate v(0).
1
Let q(s) = 12*s**2 + 6*s + 5. Let z be 2*-3*2/(-3). Let c(x) = 0*x**2 + 1 + x**2 + 0*x**2 + z*x - 3*x. Let y(i) = 6*c(i) - q(i). Calculate y(1).
-5
Let b(t) = 2 - 21*t**2 + 59*t**2 - 37*t**2. Determine b(3).
11
Let i(t) = t**3 + 7*t**2 + 15*t + 8. Let n be i(-4). Let g(z) = z + 1. Let b(p) = p**2 + 5*p - 2. Let x(k) = -b(k) + 3*g(k). Calculate x(n).
-3
Let k(z) = z**2 - 12*z. Let c be k(12). Let x(u) = -3 + 1 + c - u**2 + 3. Suppose 6*l - 12 = 2*l. Determine x(l).
-8
Suppose -1 = 2*y - 7. Let z(i) = i**3 - 4*i**2 + 2*i. What is z(y)?
-3
Let j(q) be the first derivative of q**4/4 - 3*q**3 + 5*q**2 - 12*q - 11. What is j(8)?
4
Let f(d) = -d**3 - 2*d**2 - d + 3. Let s be f(-3). S